ivided by 3.
0
Let t = -380 - -385. Calculate the remainder when 13 is divided by t.
3
Let l(j) = -j**2 - 1. Let c(g) = 2*g**2 + 13*g + 2. Suppose -4*m = -2 - 2. Let x(y) = m*c(y) + 3*l(y). Calculate the remainder when x(10) is divided by 10.
9
Let t = 277 + -191. Let s = t + -68. Calculate the remainder when 58 is divided by s.
4
Suppose -12 = -13*f + 10*f. Suppose -10 = f*u - 62. Calculate the remainder when 63 is divided by u.
11
Let a = 137 - 121. What is the remainder when 75 is divided by a?
11
Let l(c) be the second derivative of -3*c**3/2 - 53*c**2/2 - 13*c + 2. What is the remainder when l(-7) is divided by 3?
1
Let v(j) = -j**2 + 15*j - 14. Let c be v(9). Let t = -20 + c. What is the remainder when t is divided by 11?
9
Suppose t = 5*t. Suppose t = -l - 2*l + 78. What is the remainder when 108 + -6 - (0 - 0) is divided by l?
24
Suppose 5*f = -k + 1 + 139, 140 = k + 4*f. Calculate the remainder when k is divided by 28.
0
Let g = -50 - -94. Let c = g - -7. What is the remainder when c is divided by 14?
9
Let f(s) = s + 10. Suppose -350 + 15 = -5*q. Let p = q + -40. What is the remainder when p is divided by f(0)?
7
Let q be -3 - (207/3)/(-3). Calculate the remainder when 372/q + 8/20 is divided by 7.
5
Let q(h) = 3*h**2 + 4*h - 15. Calculate the remainder when q(3) is divided by 4.
0
Let r = -33 - -51. Let k be 3/(-18) + 219/r. Calculate the remainder when 4 + (-2 - 0) + k is divided by 4.
2
Suppose 4*d = 10 + 2. Let n = d - 1. Suppose 5*j - 1 = 5*u + 64, -3*u = -n*j + 22. What is the remainder when j is divided by 5?
2
Let k(w) = -2*w - 18. Suppose -132 = p - 4*p. Let y = p + -9. What is the remainder when y is divided by k(-15)?
11
Let d be 2/5*(18 + -3). Let c(a) = 4*a**2 - 6*a - 18. What is the remainder when c(d) is divided by 46?
44
Let g(n) = n**3 - 9*n**2 - 26*n + 55. What is the remainder when 504 is divided by g(11)?
9
Let z(g) = g**3 - 21*g**2 + 18*g + 12. Let u be z(20). What is the remainder when 77/u*(-12 - 0) is divided by 12?
9
Let i = -18 + 26. Suppose -4*y + 4 + i = 0. Let m(g) = -g**2 + 33*g + 433. Calculate the remainder when m(-10) is divided by y.
0
What is the remainder when (-16591)/235*(1 - 6) is divided by 88?
1
Let k = -49 + 53. Suppose 3*h = -k*o + 349, 90 = 2*o + h - 83. What is the remainder when o is divided by 44?
41
Suppose -4*x + 14 = 6. Let g = -12 - -18. Calculate the remainder when 195/20 + x/8 is divided by g.
4
Let n = 1486 + -1392. Suppose 0*t = -3*t + 6. Suppose -t*u = -5*r + 2 - 40, -5*u = -4*r - 112. What is the remainder when n is divided by u?
22
Let d = -30 - -28. What is the remainder when ((-4)/(-12))/(d/(-102)) is divided by 5?
2
Let r(t) = -73*t + 17. Calculate the remainder when r(-1) is divided by 47.
43
Let r(v) = -v**2 + 9*v - 5. Let x be r(7). Let t(z) = -z**2 + 8*z + 19. Calculate the remainder when 177/6 - (-1)/(-2) is divided by t(x).
9
Let f(k) = k**3 + 12*k**2 + 8*k + 7. Let p be (-5)/5*(9 + 2). What is the remainder when f(p) is divided by ((-1)/(-2))/((-3)/(-126))?
19
What is the remainder when 72 is divided by 108/10*475/285?
0
Suppose -2*q + p - 6 = 3*p, 0 = 2*q + 5*p + 21. Suppose 28 = t - 2*r + q, -5*t - 3*r = -182. Calculate the remainder when t is divided by 9.
7
Let q(s) = 139*s**3 - 5*s**2 + 8*s. Calculate the remainder when q(2) is divided by 11.
8
Suppose b = 469 + 670. Calculate the remainder when b is divided by 6.
5
Suppose -5*a + 4*r = -24 - 27, -3*r = 2*a - 2. Suppose 0 = -a*j + 48 + 64. Calculate the remainder when 62 is divided by j.
14
Let i(p) = 14*p + 7. What is the remainder when 109 is divided by i(4)?
46
Calculate the remainder when 1 + -4 + (-2272)/(-32) is divided by 19.
11
Let n be -8*1/(-2 + 0). What is the remainder when ((-1)/n)/((-2)/56) is divided by 4?
3
Let v = -5 + 11. Suppose -27 + 32 = 19*s - 109. What is the remainder when s is divided by v?
0
Let p(r) = -7*r + 10. Let w be p(-2). Suppose 5*s = -10, s = u + 4*s. What is the remainder when 28 is divided by (w/(-14))/(u/(-21))?
4
Suppose 10 = 82*o - 81*o. Calculate the remainder when 28*(-2 - 30/(-8)) is divided by o.
9
Let f be 4 + (-1 - -6 - -4). Let l = -3 + f. Let d = 60 - 31. Calculate the remainder when d is divided by l.
9
Let m = -24 + 68. Calculate the remainder when 75 is divided by m.
31
Suppose 3*q + 19 = 2*d - 7, d = 3*q + 28. Calculate the remainder when 20/((-8)/q*2/4) is divided by (-1)/(2/(-26 + 0)).
11
Let p(g) = -2*g + 13. What is the remainder when 221 is divided by p(-6)?
21
Suppose 2*k = 5*s - 49, 2*s + 19 = 2*k + 59. Let z = 17 + k. What is the remainder when 7 is divided by (z - 9)/3 + 7?
3
Suppose -11*y = 18*y - 1711. What is the remainder when y is divided by (1*2)/(2/20)?
19
Suppose v + 68 = 4*i + 2*v, -2*v - 34 = -2*i. Calculate the remainder when 72 is divided by i.
4
Let t(z) = 42*z**2 + z + 2. What is the remainder when t(-1) is divided by 5?
3
Suppose 0 = -x + 31 - 14 + 21. Suppose -4 + 3 = a. What is the remainder when x is divided by ((-5)/(-4))/(a/(-16))?
18
Suppose l + 3*o = -4*l + 1027, -o - 1 = 0. Suppose m = l + 54. Suppose -m = -2*d - 3*d. Calculate the remainder when d is divided by 14.
10
Let b be (-2 + 2)*(-5)/(-20). What is the remainder when b + (29 - (-2 + (-2 - -4))) is divided by 16?
13
Let z be (-3 + 0)*(-1 - 5). Suppose -z = -c - 4*n, -3*c + 4*n + 72 = c. Calculate the remainder when c/(-24) + 789/12 is divided by 17.
14
Let i = -486 + 585. What is the remainder when i is divided by 34?
31
Let t = 327 - 227. Calculate the remainder when t is divided by 26.
22
Suppose 0 = -4*w + 77 - 29. Let g = 36 + -8. Suppose -g*c + 616 = -17*c. What is the remainder when c is divided by w?
8
Suppose -15*l - 25 + 49 = -9*l. Calculate the remainder when (-1 + 0)*19*-3 is divided by l.
1
Let w = 158 + -56. Calculate the remainder when w is divided by (-412)/(-28) + 5/((-210)/(-12)).
12
Let p(m) = -5*m - 163. What is the remainder when p(-34) is divided by 4?
3
Let j be 2/(-3) - (-326)/3. Suppose -2*r - 2*r = -4*g - j, 0 = -4*r - 2*g + 78. What is the remainder when 63 is divided by r?
19
Let a be -3 + (-494)/10 + 10/25. Let l = 65 + a. Suppose -4*p + 35 = 3. Calculate the remainder when l is divided by p.
5
Suppose -7*x + 3*x = -520. Suppose -18 + x = -4*d. Calculate the remainder when d/98 + (-79)/(-7) is divided by 3.
2
Suppose -5*i + 163 = 4*m, 0 = -9*m + 4*m + 3*i + 176. Let q = -111 - -163. Suppose 84*o - 80*o = q. Calculate the remainder when m is divided by o.
11
Let m = -116 - -104. Let h(j) = -j**3 - 14*j**2 - 27*j + 3. Calculate the remainder when 153 is divided by h(m).
36
Suppose 0 = 2*x - b - 11, b - 5 = -2*x - 4*b. Let d = x - -4. What is the remainder when 44 is divided by d?
8
Calculate the remainder when (-1)/(15/(-1920)*(-2)/(-4)) is divided by 45.
31
Suppose 2*s = 6*s + 8. Let f be (-1 + -1)*s/4. Let p = 7 - f. What is the remainder when p is divided by 4?
2
Suppose -5*c = -12 - 43. Calculate the remainder when 229 is divided by c.
9
Suppose -2*v + 70 = -0*v. Let k(n) = -n**3 + 7*n**2 - 8*n + 4. Let d be k(5). Let m = -2 + d. Calculate the remainder when v is divided by m.
11
Let u = 19 + 45. Let d be (11/2)/(3/6). Let k = 2 + d. Calculate the remainder when u is divided by k.
12
Suppose -x = -q + 138, 0 = -3*q + 2*x - 211 + 627. What is the remainder when q is divided by 50?
40
Let p = -1846 + 1854. Let s = -3 - -9. Calculate the remainder when p is divided by s.
2
Let v(g) be the third derivative of -g**6/120 + g**5/30 - g**3/6 - 2*g**2. Let d be v(-1). Calculate the remainder when 33 is divided by ((-68)/8)/(d/(-4)).
16
Let h = -7 - -6. What is the remainder when (0 + h/2)*-250 is divided by 32?
29
Let s = 281 - 1113. Calculate the remainder when s/(-18) - (-6)/(-27) is divided by 8.
6
Suppose 5*v - 2*o + 3 = 16, 0 = 2*v + 5*o + 18. Let l = v - -3. Suppose -123 = d - l*d. What is the remainder when d is divided by 11?
8
Let n = -92 - -95. What is the remainder when (63/6)/(-2*n/(-56)) is divided by 34?
30
Suppose 2*h + 84 = 4*z, -5*z - 7*h + 2*h + 105 = 0. Calculate the remainder when -9*(-9 + 0)/1 is divided by z.
18
Let w = -312 + 337. Let l(x) = 2*x**2 + 4*x + 3. Calculate the remainder when l(-8) is divided by w.
24
Suppose -2*p + 140 = -4*x, 60 + 92 = 2*p - x. Calculate the remainder when 228 is divided by p.
72
Let d(h) be th